) = -r**3 - 2*r**2 - 14*r - 9. Let z be i(-11). Let a = z + -693. Is a a composite number?
False
Is (9 + 928/(-8))*(1 + -62) composite?
True
Suppose 102*k + 4918411 - 17685445 = 0. Is k composite?
True
Let q(i) = 2*i**2 - i. Let a be q(-1). Suppose 2*n - 7 = -a. Is (n/(-6))/((-1)/267) a composite number?
False
Suppose -18*r + 84011 = -109435. Is r composite?
True
Let f be (-11)/(-2) - (4 - 14/4). Suppose 9*n = 4*a + 4*n - 2508, -f*a + 3102 = 2*n. Is a a composite number?
True
Let q = 982 - -2089. Is q composite?
True
Let p = -71 + 145. Let i(w) = w - 17*w - p*w + 11*w. Is i(-1) a prime number?
True
Let h(y) = -5*y - 35. Let v be h(-7). Is (-4 - v)*1 + 381 a composite number?
True
Let k = -462 - -712. Let h = k - 164. Is h a composite number?
True
Suppose 7*a = 10*a - 1206. Suppose 13*m + a = 16*m. Is m a composite number?
True
Suppose 4*z + r - 69263 = 0, 2*z = 7*z + r - 86578. Is z a composite number?
True
Suppose -27426 = -8*p - 10138. Is p composite?
False
Suppose -47476 = -14*n + 58350. Is n a composite number?
False
Suppose 2*g - 7969 = c, -5*g + 19916 = -c + 5*c. Let z = g - 2821. Is z prime?
True
Is 1537*5*5/25 composite?
True
Let g = -25676 - -36159. Is g a prime number?
False
Let u be ((-16)/6)/(12/(-594)). Suppose 5*a - u = 53. Is a composite?
False
Let l = -2224 - -3350. Let j = l + -504. Is j a prime number?
False
Suppose -3*c + 5*c - s - 1030 = 0, 4*c = s + 2058. Is c a composite number?
True
Suppose -5*g = u - 35733, 0 = -2*u - 2*u - g + 143008. Is u composite?
False
Let a(w) = 35*w + 13. Let c(y) = -y**3 + y**2 - y + 6. Let x be c(0). Is a(x) a composite number?
False
Suppose -4*m + 52 = 80. Let x(b) = b**3 + 9*b**2 - 10*b + 1. Is x(m) composite?
True
Let s = 6 - 8. Let u be s*2 - -1 - 21. Is (-18)/(-9) + (-1 - u) composite?
True
Let s(q) be the second derivative of -299*q**3/3 + q**2 + 4*q. Let m be s(1). Is m/(-8) - 1/2 a prime number?
False
Let z(k) = 9*k**2 + 2. Let m be z(2). Let g be ((-78)/(-8))/(6/24). Let u = g + m. Is u a composite number?
True
Suppose -209*j = -205*j - 2524. Is j a composite number?
False
Let p = 12854 + -7348. Is p a prime number?
False
Let l(b) = 3*b**3 - 9*b**2 + 12*b - 5. Let d(v) = -5*v**3 + 19*v**2 - 24*v + 10. Let q(w) = 3*d(w) + 7*l(w). Is q(4) a composite number?
False
Suppose 2286 = 4*g - 3*g. Suppose 62 + g = 4*j. Is j prime?
True
Suppose 5*m - 113 = 3*h, -4*h - 70 = -4*m + m. Is (-16)/(-88) - (-1008)/m a composite number?
True
Suppose -q + 932 = -1305. Is q prime?
True
Let j be ((-68)/(-51))/(2/36). Suppose -5*g + j = -151. Is g composite?
True
Suppose -175 = -5*z - 2*s + 112, 2*s = -8. Is z composite?
False
Let b(w) = -380*w + 123. Is b(-19) composite?
True
Let g(u) be the second derivative of -u**3/6 + 7*u**2 + 4*u. Let b be g(15). Is 212/(4 + b + -1) prime?
False
Suppose 0 = -11*l + 8*l + 93372. Suppose 9170 = -6*s + l. Is s a composite number?
False
Suppose 3*d + 0 - 6 = 0. Let s be 3932*(d - (-10)/(-8)). Is (-2)/(-1)*s/6 a composite number?
False
Let v be (-2)/(3/(36/(-8))). Suppose -4*n + 145 = -v*c - 445, -5*n - c = -747. Is n prime?
True
Let t(w) = 344*w**2 + 32*w + 149. Is t(-15) composite?
False
Suppose -2*j - 2*n + 6*n = -1642, 0 = 4*j + 3*n - 3339. Is j a prime number?
False
Let h = 14 + -8. Is (-3)/h*6 - -222 composite?
True
Suppose 2*f + 244 = 6*i - 3*i, i = 2*f + 76. Let x = i + 77. Is x prime?
False
Let j = 154 + 61. Let r = j - 100. Is r a prime number?
False
Let b(n) = 60*n**2 + 33*n - 83. Is b(22) a prime number?
True
Suppose o + 3*o = -16, -3*b = 5*o - 904. Suppose 17*d - 21*d = -b. Is d a prime number?
False
Let l = -21290 + 37146. Suppose -l + 59851 = 15*f. Is f a prime number?
False
Suppose -3*h - 7 = -8*h + f, -2*h - 4*f + 16 = 0. Suppose 0 = -4*o + 12, 2*o - h = -i + 7. Suppose 445 = 5*d - 3*m, 7*d - i*d - 356 = 4*m. Is d composite?
False
Let c(p) = 2383*p - 21. Is c(1) a composite number?
True
Let c be 1/2 + 12/8. Is -6 + c + (144 - 1) composite?
False
Suppose -12*i + 83203 = -130721. Is i a composite number?
False
Suppose 32*v - 41*v + 83493 = 0. Is v prime?
True
Let g be ((-18)/4)/(1/(-50)). Suppose g = 3*h - h + 5*y, 4*h + y - 459 = 0. Is h a prime number?
False
Let p(x) be the first derivative of x**6/120 + 5*x**4/24 - 4*x**3 + 4. Let z(d) be the third derivative of p(d). Is z(4) composite?
False
Suppose 0 = -29*y + 40049 + 15834. Is y composite?
True
Let k(t) = t**3 + 4*t**2 - t + 5. Let u be k(-5). Let r = 68 + u. Is r a composite number?
False
Let a = -2553 - -5372. Is a prime?
True
Let j = -19 - -19. Suppose -3*q = -j*q - 6. Suppose 0 = 2*c + 5*d - 373, c + q*d + 531 = 4*c. Is c prime?
True
Let q(l) = 11*l**3 - 4*l**2 + 2*l + 6. Let a be q(6). Suppose -a = -5*n + 5*h, -347 = -n - 5*h + 85. Is n a prime number?
False
Suppose -m = 2*t + 1459, -4*m - 3640 = 4*t + t. Let v = 11 - t. Is v prime?
True
Let j = -1965 + 4168. Is j a prime number?
True
Let p be -2 + 2 - (1 + -7 + 3). Suppose 662 = p*b - z, 6*z = 4*b + 3*z - 881. Is b a prime number?
False
Suppose -4*t - 2*y + 3*y = -20591, -15426 = -3*t - 5*y. Is t prime?
True
Suppose 6*n - 3*n + 313756 = 5*i, 3*n - 62762 = -i. Is i a prime number?
True
Let v(j) = j**3 + j**2 + 4*j + 11. Let c(u) = -2*u**2 - 3*u - 10. Let i(w) = -3*c(w) - 2*v(w). Is i(-5) a prime number?
True
Let p(l) = 4*l + 4385. Let k = -70 + 70. Is p(k) a composite number?
True
Let c(w) be the second derivative of 3/2*w**2 + 35/4*w**4 + 0 + 1/2*w**3 + 11*w. Is c(-2) prime?
False
Suppose 3*f - f = 2548. Is f/12 + 4/(-24) a prime number?
False
Let m = 3 - 2. Let r(w) = 8*w. Let h be r(m). Is 267/9*(h - 5) a prime number?
True
Suppose 2*q - 53850 = 5*c - 6*c, 134615 = 5*q + 5*c. Is q a composite number?
False
Suppose -41*g + 778458 = -2521427. Is g a composite number?
True
Let f = 18 + -16. Suppose f*w + 24 = 2*x, 4*w = x - 10 - 14. Suppose x*p - 53 = 7*p. Is p a composite number?
False
Suppose -2*v + 3*j = -1450, -4*v + j + 2872 = 2*j. Is v a prime number?
True
Let b(z) = -z**3 + 5*z**2 + z - 1. Let h be b(5). Suppose 2242 = -2*m + h*m. Is m prime?
False
Let u = 54 - 52. Is -2517*12/(-8)*u/3 a prime number?
False
Let m(k) = -k**3 - 13*k**2 + 3. Let w be m(-13). Suppose 4*c + g + w*g = 4616, 2*c - 2329 = 5*g. Is c composite?
True
Let t(i) = 13*i**2 + 6*i - 2. Let w = 4 - 3. Suppose -w = -z + 5. Is t(z) a composite number?
True
Suppose 117 - 89 = u. Suppose u = 3*m - 14. Is m a composite number?
True
Let r(z) = -77*z**3 - 6*z**2 - 4. Let g(f) = -92*f**3 + 15*f**3 - 3 - 7*f**2 - 2. Let j(h) = -5*g(h) + 6*r(h). Is j(-1) prime?
False
Suppose -17*u + 61875 = -303064. Is u a composite number?
False
Suppose 0 = -5*k + 9 - 4. Let h = k - -2. Is h a prime number?
True
Is (-369875)/(-40) + -8 - 1/(-8) a prime number?
True
Suppose -y + 208 = -2005. Suppose 3*d - 6267 = 2*u - y, -2*d + 4*u = -2716. Suppose 0 = -4*q - 3*s + 5*s + d, -5*q + 2*s + 1683 = 0. Is q composite?
True
Suppose 47458 = 3*y + r - 15128, -5*y - r + 104308 = 0. Is y a composite number?
True
Suppose 10*w - 14*w = -2*q + 26206, -q + 13098 = -w. Is q prime?
True
Let b = 165 - 61. Let x(i) = 4*i**2 + 4*i + 7. Let h be x(6). Let u = h - b. Is u composite?
False
Let z(f) = 346*f - 562. Is z(18) a prime number?
False
Let c be (0 + -1)*3421/11. Let p = -172 - c. Is p composite?
False
Suppose 7*o - 10*o = -207183. Is o a prime number?
True
Let r = -423 - -706. Suppose 2*h + 318 = 2*w, -2*w - h = -r - 26. Let o = 301 - w. Is o a composite number?
True
Let i = 231278 + -164767. Is i prime?
False
Let c(o) = -785*o + 169. Is c(-8) prime?
True
Suppose -7036 = -6*j + 2*j. Is j composite?
False
Let r(n) = -5 - 4*n + 5*n + 8*n. Let k be r(4). Suppose 5*o = 626 - k. Is o a prime number?
False
Suppose -y = 0, 27 = 2*s + 4*y - 239. Suppose u - 78 = s. Is u a prime number?
True
Suppose 44 + 12 = 4*g. Let p(s) = s - 12. Let t be p(g). Suppose 210 = t*u + 2*u + 2*i, 0 = 4*u + 5*i - 207. Is u a prime number?
True
Let q = -345 + 43. Let o = 1045 + q. Is o prime?
True
Suppose 2*i - 34 = -2. Let x = i + -11. Suppose 5*a = x*k - 625, k - 3*a - 2*a - 117 = 0. Is k a composite number?
False
Let y(t) be the third derivative of t**5/10 - t**4/4 - 7*t**3/6 - 2*t**2. Is y(-7) a prime number?
False
Suppose 104 - 293 = 9*m. Is (-11599)/m - 2/(-3) a prime number?
False
Let g be ((-1)/1 - -102)/(18/702). Suppose t - s - g =